[INFO] cloning repository https://github.com/KillTheMule/nvimpam
[INFO] running `Command { std: "git" "-c" "credential.helper=" "-c" "credential.helper=/workspace/cargo-home/bin/git-credential-null" "clone" "--bare" "https://github.com/KillTheMule/nvimpam" "/workspace/cache/git-repos/https%3A%2F%2Fgithub.com%2FKillTheMule%2Fnvimpam", kill_on_drop: false }`
[INFO] [stderr] Cloning into bare repository '/workspace/cache/git-repos/https%3A%2F%2Fgithub.com%2FKillTheMule%2Fnvimpam'...
[INFO] running `Command { std: "git" "rev-parse" "HEAD", kill_on_drop: false }`
[INFO] [stdout] d0740f91ee854121d0432b13b4a02705163ced8d
[INFO] checking KillTheMule/nvimpam against master#cfbc6d4cf1acbac5c025acf8ed68929caa551df3 for pr-75494-beta
[INFO] running `Command { std: "git" "clone" "/workspace/cache/git-repos/https%3A%2F%2Fgithub.com%2FKillTheMule%2Fnvimpam" "/workspace/builds/worker-3/source", kill_on_drop: false }`
[INFO] [stderr] Cloning into '/workspace/builds/worker-3/source'...
[INFO] [stderr] done.
[INFO] validating manifest of git repo https://github.com/KillTheMule/nvimpam on toolchain cfbc6d4cf1acbac5c025acf8ed68929caa551df3
[INFO] running `Command { std: "/workspace/cargo-home/bin/cargo" "+cfbc6d4cf1acbac5c025acf8ed68929caa551df3" "read-manifest" "--manifest-path" "Cargo.toml", kill_on_drop: false }`
[INFO] started tweaking git repo https://github.com/KillTheMule/nvimpam
[INFO] removed path dependency neovim-lib from git repo https://github.com/KillTheMule/nvimpam
[INFO] finished tweaking git repo https://github.com/KillTheMule/nvimpam
[INFO] tweaked toml for git repo https://github.com/KillTheMule/nvimpam written to /workspace/builds/worker-3/source/Cargo.toml
[INFO] crate git repo https://github.com/KillTheMule/nvimpam already has a lockfile, it will not be regenerated
[INFO] running `Command { std: "/workspace/cargo-home/bin/cargo" "+cfbc6d4cf1acbac5c025acf8ed68929caa551df3" "fetch" "--locked" "--manifest-path" "Cargo.toml", kill_on_drop: false }`
[INFO] [stderr] warning: dependency (neovim-lib) specified without providing a local path, Git repository, or version to use. This will be considered an error in future versions
[INFO] [stderr]     Updating crates.io index
[INFO] [stderr] error: the lock file /workspace/builds/worker-3/source/Cargo.lock needs to be updated but --locked was passed to prevent this
[INFO] [stderr] If you want to try to generate the lock file without accessing the network, use the --offline flag.
[INFO] the lockfile is outdated, regenerating it
[INFO] running `Command { std: "/workspace/cargo-home/bin/cargo" "+cfbc6d4cf1acbac5c025acf8ed68929caa551df3" "generate-lockfile" "--manifest-path" "Cargo.toml" "-Zno-index-update", kill_on_drop: false }`
[INFO] [stderr]     Blocking waiting for file lock on package cache
[INFO] running `Command { std: "/workspace/cargo-home/bin/cargo" "+cfbc6d4cf1acbac5c025acf8ed68929caa551df3" "fetch" "--locked" "--manifest-path" "Cargo.toml", kill_on_drop: false }`
[INFO] [stderr] warning: dependency (neovim-lib) specified without providing a local path, Git repository, or version to use. This will be considered an error in future versions
[INFO] [stderr]     Blocking waiting for file lock on package cache
[INFO] [stderr]  Downloading crates ...
[INFO] [stderr]   Downloaded criterion-plot v0.3.1
[INFO] [stderr]   Downloaded criterion v0.2.11
[INFO] [stderr]   Downloaded serde_bytes v0.11.5
[INFO] [stderr]   Downloaded rmpv v0.4.5
[INFO] running `Command { std: "docker" "create" "-v" "/var/lib/crater-agent-workspace/builds/worker-3/target:/opt/rustwide/target:rw,Z" "-v" "/var/lib/crater-agent-workspace/builds/worker-3/source:/opt/rustwide/workdir:ro,Z" "-v" "/var/lib/crater-agent-workspace/cargo-home:/opt/rustwide/cargo-home:ro,Z" "-v" "/var/lib/crater-agent-workspace/rustup-home:/opt/rustwide/rustup-home:ro,Z" "-e" "SOURCE_DIR=/opt/rustwide/workdir" "-e" "CARGO_TARGET_DIR=/opt/rustwide/target" "-e" "CARGO_HOME=/opt/rustwide/cargo-home" "-e" "RUSTUP_HOME=/opt/rustwide/rustup-home" "-w" "/opt/rustwide/workdir" "-m" "1610612736" "--user" "0:0" "--network" "none" "rustops/crates-build-env@sha256:a636fd89d022f18117e1dc8fb37a0a009933cdbbe082814857f0e2024962d47c" "/opt/rustwide/cargo-home/bin/cargo" "+cfbc6d4cf1acbac5c025acf8ed68929caa551df3" "metadata" "--no-deps" "--format-version=1", kill_on_drop: false }`
[INFO] [stderr] WARNING: Your kernel does not support swap limit capabilities or the cgroup is not mounted. Memory limited without swap.
[INFO] [stdout] c4bbefb30d90af27a0c5e186ac9034e2e76f2419446017fe156c00b4838ebba9
[INFO] running `Command { std: "docker" "start" "-a" "c4bbefb30d90af27a0c5e186ac9034e2e76f2419446017fe156c00b4838ebba9", kill_on_drop: false }`
[INFO] running `Command { std: "docker" "inspect" "c4bbefb30d90af27a0c5e186ac9034e2e76f2419446017fe156c00b4838ebba9", kill_on_drop: false }`
[INFO] running `Command { std: "docker" "rm" "-f" "c4bbefb30d90af27a0c5e186ac9034e2e76f2419446017fe156c00b4838ebba9", kill_on_drop: false }`
[INFO] [stdout] c4bbefb30d90af27a0c5e186ac9034e2e76f2419446017fe156c00b4838ebba9
[INFO] running `Command { std: "docker" "create" "-v" "/var/lib/crater-agent-workspace/builds/worker-3/target:/opt/rustwide/target:rw,Z" "-v" "/var/lib/crater-agent-workspace/builds/worker-3/source:/opt/rustwide/workdir:ro,Z" "-v" "/var/lib/crater-agent-workspace/cargo-home:/opt/rustwide/cargo-home:ro,Z" "-v" "/var/lib/crater-agent-workspace/rustup-home:/opt/rustwide/rustup-home:ro,Z" "-e" "SOURCE_DIR=/opt/rustwide/workdir" "-e" "CARGO_TARGET_DIR=/opt/rustwide/target" "-e" "CARGO_INCREMENTAL=0" "-e" "RUST_BACKTRACE=full" "-e" "RUSTFLAGS=--cap-lints=forbid" "-e" "CARGO_HOME=/opt/rustwide/cargo-home" "-e" "RUSTUP_HOME=/opt/rustwide/rustup-home" "-w" "/opt/rustwide/workdir" "-m" "1610612736" "--user" "0:0" "--network" "none" "rustops/crates-build-env@sha256:a636fd89d022f18117e1dc8fb37a0a009933cdbbe082814857f0e2024962d47c" "/opt/rustwide/cargo-home/bin/cargo" "+cfbc6d4cf1acbac5c025acf8ed68929caa551df3" "check" "--frozen" "--all" "--all-targets" "--message-format=json", kill_on_drop: false }`
[INFO] [stderr] WARNING: Your kernel does not support swap limit capabilities or the cgroup is not mounted. Memory limited without swap.
[INFO] [stdout] ea78fa843841621e2892766126a5ac5806745f5f36d2884b4a90b74f5aab24fc
[INFO] running `Command { std: "docker" "start" "-a" "ea78fa843841621e2892766126a5ac5806745f5f36d2884b4a90b74f5aab24fc", kill_on_drop: false }`
[INFO] [stderr] warning: dependency (neovim-lib) specified without providing a local path, Git repository, or version to use. This will be considered an error in future versions
[INFO] [stderr]    Compiling autocfg v1.0.1
[INFO] [stderr]    Compiling semver-parser v0.7.0
[INFO] [stderr]    Compiling byteorder v1.3.4
[INFO] [stderr]    Compiling serde v1.0.115
[INFO] [stderr]     Checking lazy_static v1.4.0
[INFO] [stderr]    Compiling syn v1.0.39
[INFO] [stderr]    Compiling maybe-uninit v2.0.0
[INFO] [stderr]    Compiling arrayvec v0.4.12
[INFO] [stderr]     Checking scopeguard v1.1.0
[INFO] [stderr]     Checking nodrop v0.1.14
[INFO] [stderr]     Checking rand_core v0.4.2
[INFO] [stderr]     Checking rustc-demangle v0.1.16
[INFO] [stderr]     Checking static_assertions v0.3.4
[INFO] [stderr]     Checking unicode-width v0.1.8
[INFO] [stderr]     Checking same-file v1.0.6
[INFO] [stderr]     Checking itertools v0.8.2
[INFO] [stderr]     Checking log v0.4.11
[INFO] [stderr]     Checking time v0.1.43
[INFO] [stderr]     Checking dirs v1.0.5
[INFO] [stderr]     Checking unix_socket v0.5.0
[INFO] [stderr]     Checking num_cpus v1.13.0
[INFO] [stderr]     Checking atty v0.2.14
[INFO] [stderr]     Checking csv-core v0.1.10
[INFO] [stderr]     Checking textwrap v0.11.0
[INFO] [stderr]     Checking walkdir v2.3.1
[INFO] [stderr]     Checking rand_core v0.3.1
[INFO] [stderr]     Checking rand_os v0.1.3
[INFO] [stderr]    Compiling semver v0.9.0
[INFO] [stderr]     Checking backtrace v0.3.50
[INFO] [stderr]     Checking clap v2.33.3
[INFO] [stderr]    Compiling num-traits v0.2.12
[INFO] [stderr]    Compiling crossbeam-utils v0.7.2
[INFO] [stderr]    Compiling memoffset v0.5.5
[INFO] [stderr]    Compiling crossbeam-epoch v0.8.2
[INFO] [stderr]    Compiling num-integer v0.1.43
[INFO] [stderr]    Compiling rayon v1.3.1
[INFO] [stderr]    Compiling rustc_version v0.2.3
[INFO] [stderr]     Checking term v0.5.2
[INFO] [stderr]     Checking regex-automata v0.1.9
[INFO] [stderr]     Checking rand_xoshiro v0.1.0
[INFO] [stderr]    Compiling lexical-core v0.4.6
[INFO] [stderr]    Compiling lexical v2.2.2
[INFO] [stderr]    Compiling cast v0.2.3
[INFO] [stderr]     Checking crossbeam-queue v0.2.3
[INFO] [stderr]     Checking criterion-plot v0.3.1
[INFO] [stderr]     Checking crossbeam-deque v0.7.3
[INFO] [stderr]     Checking rmp v0.8.9
[INFO] [stderr]     Checking atoi v0.3.2
[INFO] [stderr]     Checking rayon-core v1.7.1
[INFO] [stderr]     Checking chrono v0.4.15
[INFO] [stderr]     Checking simplelog v0.5.3
[INFO] [stderr]    Compiling synstructure v0.12.4
[INFO] [stderr]    Compiling failure_derive v0.1.8
[INFO] [stderr]    Compiling serde_derive v1.0.115
[INFO] [stderr]     Checking serde_bytes v0.11.5
[INFO] [stderr]     Checking serde_json v1.0.57
[INFO] [stderr]     Checking bstr v0.2.13
[INFO] [stderr]     Checking rmpv v0.4.5
[INFO] [stderr]     Checking csv v1.1.3
[INFO] [stderr]     Checking failure v0.1.8
[INFO] [stderr]     Checking neovim-lib v0.6.1
[INFO] [stderr]     Checking tinytemplate v1.1.0
[INFO] [stderr]     Checking nvimpam v0.2.2-alpha.0 (/opt/rustwide/workdir)
[INFO] [stdout] error[E0432]: unresolved import `lexical::FromBytesLossy`
[INFO] [stdout]  --> src/card/cell.rs:7:5
[INFO] [stdout]   |
[INFO] [stdout] 7 | use lexical::FromBytesLossy;
[INFO] [stdout]   |     ^^^^^^^^^^^^^^^^^^^^^^^ no `FromBytesLossy` in the root
[INFO] [stdout] 
[INFO] [stdout] 
[INFO] [stdout] error[E0053]: method `handle_request` has an incompatible type for trait
[INFO] [stdout]    --> src/handler.rs:156:3
[INFO] [stdout]     |
[INFO] [stdout] 156 | /   fn handle_request(
[INFO] [stdout] 157 | |     &mut self,
[INFO] [stdout] 158 | |     name: String,
[INFO] [stdout] 159 | |     _args: Vec<Value>,
[INFO] [stdout] ...   |
[INFO] [stdout] 177 | |     }
[INFO] [stdout] 178 | |   }
[INFO] [stdout]     | |___^ expected `&str`, found struct `std::string::String`
[INFO] [stdout]     |
[INFO] [stdout]     = note: expected fn pointer `fn(&mut handler::NeovimHandler, &str, std::vec::Vec<_>) -> std::result::Result<_, _>`
[INFO] [stdout]                found fn pointer `fn(&mut handler::NeovimHandler, std::string::String, std::vec::Vec<_>) -> std::result::Result<_, _>`
[INFO] [stdout] 
[INFO] [stdout] 
[INFO] [stdout] error[E0599]: no function or associated item named `try_from_bytes_lossy` found for type `f64` in the current scope
[INFO] [stdout]    --> src/card/cell.rs:133:36
[INFO] [stdout]     |
[INFO] [stdout] 133 |         trimmed == &[b' '] || f64::try_from_bytes_lossy(&trimmed).is_ok() ||
[INFO] [stdout]     |                                    ^^^^^^^^^^^^^^^^^^^^ function or associated item not found in `f64`
[INFO] [stdout] 
[INFO] [stdout] 
[INFO] [stdout] error: aborting due to 3 previous errors
[INFO] [stdout] 
[INFO] [stdout] 
[INFO] [stdout] Some errors have detailed explanations: E0053, E0432, E0599.
[INFO] [stdout] 
[INFO] [stdout] For more information about an error, try `rustc --explain E0053`.
[INFO] [stdout] 
[INFO] [stderr] error: could not compile `nvimpam`.
[INFO] [stderr] 
[INFO] [stderr] To learn more, run the command again with --verbose.
[INFO] [stderr] warning: build failed, waiting for other jobs to finish...
[INFO] [stderr] error: build failed
[INFO] running `Command { std: "docker" "inspect" "ea78fa843841621e2892766126a5ac5806745f5f36d2884b4a90b74f5aab24fc", kill_on_drop: false }`
[INFO] running `Command { std: "docker" "rm" "-f" "ea78fa843841621e2892766126a5ac5806745f5f36d2884b4a90b74f5aab24fc", kill_on_drop: false }`
[INFO] [stdout] ea78fa843841621e2892766126a5ac5806745f5f36d2884b4a90b74f5aab24fc
